 + 15. Calculate b(5).
10
Let l(s) = -2*s**3 + 14*s**2 + 7. Determine l(7).
7
Let p(f) = f**2 - f - 16. Calculate p(0).
-16
Let o(k) = -14*k**3 - k**2. What is o(-1)?
13
Let g(c) = c**3 + 16*c**2 - 35*c - 11. Calculate g(-18).
-29
Let y(r) = 9*r + 13. Determine y(-4).
-23
Let h(g) = 3*g**2 + 12*g + 8. What is h(-4)?
8
Let p(q) = 2*q + 4. Give p(-5).
-6
Let u(l) = 3*l - 62. Determine u(25).
13
Let c(q) = -10*q**3 + q**2 + 7*q + 6. Determine c(-1).
10
Let n(i) = -9*i + 3. Give n(5).
-42
Let p(c) = -192*c - 1532. What is p(-8)?
4
Let g(o) = 3*o**2 - 5*o - 2. Determine g(1).
-4
Let a(j) = 3*j**2. Calculate a(-3).
27
Let b(n) = -n**2 - 16*n - 51. Determine b(-11).
4
Let a(b) = 7*b + 59. Give a(-11).
-18
Let l(a) = 4*a**2 - 13*a - 7. Determine l(-3).
68
Let x(j) = -j**2 - 14*j + 58. Determine x(0).
58
Let t(j) = -j**2 + 2*j - 79. Calculate t(0).
-79
Let q(t) = -t**3 + 11*t**2 - 20*t - 59. Calculate q(7).
-3
Let k(w) = 72*w - 355. What is k(5)?
5
Let f(y) = y**2 - 15*y + 20. What is f(6)?
-34
Let u(v) = 39*v - 70. Calculate u(3).
47
Let d(b) = 2*b**3 + 14*b**2 + 25*b + 21. Determine d(-5).
-4
Let j(r) = r**3 - 6*r**2 + 3*r + 2. What is j(7)?
72
Let g(n) = -2*n**2 - 8*n. Give g(-4).
0
Let v(l) = 9*l - 4. Calculate v(4).
32
Let w(t) = t**2 + 3*t - 8. Determine w(-6).
10
Let x(s) = -6*s**2 + 2*s + 3. Determine x(-1).
-5
Let o(v) = 8*v**2 - 1. Give o(1).
7
Let w(f) = -6*f**3 - 2*f**2 - 3*f. Determine w(-2).
46
Let v(m) = 7*m - 62. What is v(9)?
1
Let k(n) = 2*n**3 + n**2 + 1. What is k(1)?
4
Let w(m) = 57*m - 165. Determine w(3).
6
Let t(i) = -42*i + 164. Calculate t(5).
-46
Let w(i) = 6*i - 9. Determine w(1).
-3
Let b(q) = -q**2 - q + 1. Give b(0).
1
Let b(h) = 216*h + 1084. What is b(-5)?
4
Let a(t) = -2*t + 54. Determine a(37).
-20
Let h(o) = 90*o + 3. What is h(1)?
93
Let a(r) = -18*r - 120. Give a(-11).
78
Let p(v) = v**3 + 4*v**2 - 4*v + 15. Determine p(-5).
10
Let j(r) = r**3 + 15*r**2 + 15*r + 20. What is j(-14)?
6
Let b(w) = -w**3 - 6*w**2 + 6*w - 1. Determine b(-7).
6
Let v(u) = u**3 + 7*u**2 + 3*u + 11. Calculate v(-7).
-10
Let m(s) = -150*s + 456. What is m(3)?
6
Let y(q) = -3*q + 20. Calculate y(7).
-1
Let u(i) = -i**3 + 4*i**2 + 24. Give u(5).
-1
Let m(t) = -4*t**2 - 3*t + 1. Calculate m(2).
-21
Let z(q) = -3*q**3 - 3*q**2 - q - 6. Determine z(-2).
8
Let x(w) = 2*w**2 + w - 5. Give x(-6).
61
Let m(i) = i + 6. Calculate m(15).
21
Let i(g) = -5*g**2 + 7*g - 2. Determine i(2).
-8
Let i(r) = -r**3 - 10*r**2 - 4*r + 9. Give i(-8).
-87
Let t(z) = z**2 + 15*z + 27. What is t(-13)?
1
Let x(s) = -s**2 + 17*s - 68. Determine x(6).
-2
Let m(p) = -p**3 + 14*p**2 - 15*p + 17. Give m(13).
-9
Let y(i) = -i**3 - 2*i**2 - 5*i + 4. Give y(3).
-56
Let a(u) = 3*u**2 - 18*u - 21. Calculate a(6).
-21
Let x(l) = -7*l**3 - l**2 + 4*l + 7. Determine x(-2).
51
Let y(u) = u - 3. Determine y(4).
1
Let y(w) = -w**2 + 2*w + 1. What is y(4)?
-7
Let s(d) = d**3 + 6*d**2 - 3*d - 20. Calculate s(-6).
-2
Let n(f) = 2*f**2 + 22*f - 1. Calculate n(-11).
-1
Let u(z) = 3*z + 11. Determine u(-4).
-1
Let d(g) = g**3 + 27*g**2 + 24*g - 33. What is d(-26)?
19
Let o(q) = -14*q + 35. What is o(6)?
-49
Let z(p) = -2*p**2 - 45*p + 52. What is z(-23)?
29
Let y(g) = 2*g**3 + 3*g**2 - 7*g + 7. Calculate y(4).
155
Let r(p) = 23*p**2 - 1. What is r(1)?
22
Let z(u) = -8*u + 20. Determine z(2).
4
Let j(d) = 3*d**2 - 2*d + 3. Calculate j(5).
68
Let b(q) = q**3 + 5*q**2 - 3*q - 16. Determine b(-5).
-1
Let r(t) = -t + 25. Give r(-13).
38
Let q(r) = -12*r + 113. Give q(9).
5
Let c(x) = 3*x**2 - 12*x - 12. Give c(6).
24
Let b(w) = 12*w**2 + 3*w + 4. Determine b(-2).
46
Let q(f) = -7*f**2 + f + 6. Give q(-2).
-24
Let b(l) = 2*l**3 + 2*l**2 - l + 1. Give b(-2).
-5
Let r(t) = 7*t + 16. Determine r(-3).
-5
Let f(y) = 20*y**2 + 5*y + 4. Determine f(-1).
19
Let g(l) = 2*l + 13. Give g(-9).
-5
Let s(j) = -j**3 - j**2 + 6*j. Give s(-3).
0
Let v(s) = -s**3 + 7*s**2 - 8*s + 19. Calculate v(6).
7
Let d(u) = u**3 + 12*u**2 - 194*u - 102. Calculate d(-21).
3
Let l(x) = -3*x + 52. Calculate l(15).
7
Let v(w) = -4*w - 84. Determine v(-14).
-28
Let k(a) = 74*a - 427. Give k(6).
17
Let j(v) = -8*v**3 + 1. Give j(-1).
9
Let y(o) = o**3 + 2*o**2 - 3*o + 5. Give y(-4).
-15
Let g(q) = -q**3 + 9*q**2 + 10*q - 4. Calculate g(10).
-4
Let c(o) = -7*o**2 + o + 2. Determine c(-1).
-6
Let k(v) = -2*v**2 - 2*v + 6. Give k(3).
-18
Let h(k) = 2*k + 11. Calculate h(-8).
-5
Let w(b) = -b**3 + 17*b**2 - b + 1. What is w(17)?
-16
Let m(k) = k**2 - 9*k + 16. Calculate m(-6).
106
Let t(f) = f**2 + 3*f - 13. Calculate t(0).
-13
Let m(f) = -6*f + 7. Give m(10).
-53
Let n(q) = 2*q**2 - 30*q + 100. Calculate n(10).
0
Let o(a) = -a**3 + 23*a**2 - 40*a - 39. Give o(21).
3
Let o(w) = -w**2 + 4*w + 4. Give o(6).
-8
Let c(l) = -3*l - 5. What is c(5)?
-20
Let h(t) = t - 8. Give h(4).
-4
Let h(k) = 2*k**2 + 37*k - 85. Give h(-21).
20
Let x(h) = h + 12. What is x(-10)?
2
Let n(v) = 3*v**2 - 2*v + 9. Determine n(4).
49
Let p(w) = -w**3 - 2*w**2 - 2*w + 2. Determine p(-4).
42
Let h(z) = -z**3 - 6*z**2 + 2*z - 1. What is h(-3)?
-34
Let x(z) = 4*z**2 + 10. What is x(-3)?
46
Let u(p) = -2*p**3 + 6*p**2 - p. Calculate u(4).
-36
Let o(g) = g**3 + 16*g**2 - 18*g - 15. Give o(-17).
2
Let z(o) = -o**2 + o - 1. Determine z(2).
-3
Let v(y) = 3*y**2 + 30*y - 18. Calculate v(-13).
99
Let n(i) = -i**3 - 6*i**2 - 5*i + 3. Calculate n(-2).
-3
Let h(m) = m**2 - 17*m + 13. Calculate h(16).
-3
Let l(j) = 8*j**2 + 5*j + 3. What is l(-4)?
111
Let c(r) = -3*r - 16. Determine c(-5).
-1
Let z(f) = -f**2 + 8*f + 8. What is z(10)?
-12
Let d(l) = -21*l**2 - 2*l - 3. What is d(-1)?
-22
Let p(u) = -20*u - 80. What is p(-4)?
0
Let a(f) = -f**3 + 10*f**2 - 9*f + 2. Calculate a(9).
2
Let r(k) = -k**2 - 27*k - 23. Calculate r(-24).
49
Let q(n) = 6*n**2 - 22*n + 1. Determine q(4).
9
Let u(d) = -d**2 - 52*d - 657. Determine u(-31).
-6
Let u(d) = -3*d**2 + 2*d - 1. What is u(-2)?
-17
Let a(p) = 2*p**3 + p**2 - 2*p - 3. Give a(-2).
-11
Let o(i) = 2*i**2 - 2. Calculate o(-7).
96
Let v(w) = -5*w + 194. Determine v(39).
-1
Let j(g) = g**3 + 7*g**2 + 5*g - 18. Calculate j(-6).
-12
Let h(s) = -s**2 + 30*s - 47. Give h(28).
9
Let s(x) = -x**2 + 29*x - 63. Determine s(25).
37
Let b(q) = q - 1. Give b(9).
8
Let o(y) = -y**2 - 9*y + 4. Calculate o(-7).
18
Let n(y) = y**2 - 6*y - 12. Calculate n(8).
4
Let a(k) = 2*k + 2. Calculate a(2).
6
Let k(w) = 4*w - 18. What is k(18)?
54
Let x(m) = 5*m - 2. Give x(-1).
-7
Let w(i) = -i**2 - 13*i + 7. Calculate w(-6).
49
Let a(q) = -q**3 - 2*q**2 + 24*q + 4. Give a(-6).
4
Let z(k) = -3*k**2 - 9*k - 9. What is z(-1)?
-3
Let g(a) = -6*a**2 - 6*a + 8. Determine g(2).
-28
Let w(y) = -27*y + 203. Give w(7).
14
Let u(z) = 4*z + 1. What is u(6)?
25
Let b(i) = -4*i - 1. Calculate b(1).
-5
Let w(p) = 13*p + 36. Give w(-6).
-42
Let w(x) = x**2 - 72*x - 467. Calculate w(-6).
1
Let z(a) = -9*a**2 + 2*a - 1. Determine z(1).
-8
Let l(c) = 2*c**2 - c + 44. Calculate l(0).
44
Let z(g) = g**2 + 31*g + 43. Calculate z(-30).
13
Let c(f) = 17*f + 6. Determine c(2).
40
Let h(m) = m + 21. Determine h(-14).
7
Let h(g) = -5*g + 24. Determine h(12).
-36
Let s(z) = -z**3 - 6*z**2 - 3*z - 7. Determine s(-4).
-27
Let p(u) = -u**3 + 6*u**2 + 32*u - 113. What is p(3)?
10
Let n(j) = -2*j**3 + 16*j**2 + 19*j + 7. What is n(9)?
16
Let f(h) = -h**3 - 2*h**2 + 4*h + 3. Give f(-3).
0
Let j(g) = -3*g + 1. Give j(-5).
16
Let p(o) = o - 14. Give p(16).
2
Let o(a) = 20*a - 10. Give o(4).
70
Let t(l) = 50*l**3. Determine t(1).
50
Let i(g) = -g**3 + 2*g. Calculate i(0).
0
Let s(t) = 3*t - 15. Give s(4).
-3
Let f(w) = -2*w - 9. Calculate f(5).
-19
Let c(z) = 2*z**3 + 12*z**2 + 8*z - 6. Determine c(-5).
4
Let q(d) = -2*d**3 + 13*d**2 + 9*d - 5. Give q(7).
9
Let z(p) = -p**3 - 4*p**2 - 2*p - 3. Give z(-3).
-6
Let f(l) = -4*l - 42. Give f(-16).
22
Let z(k) = -k**2 - 6*k - 8. Determine z(-5).
-3
Let z(c) = -c + 1. What is z(11)?
-10
Let n(u) = -u**3 + 7*u**2 - 3*u - 4. Calculate n(7).
-25
Let q(h) = h**2 - 36*h - 30. Calculate q(39).
87
Let j(o) = o**2 + 14*o - 37. Calculate j(-16).
-5
Let l(i) = 2*i**2 - 4. What is l(-5)?
46
Let i(n) = -n**3 - 6*n**2 + 4. What is i(-6)?
4
Let b(i) = 5*i - 64. What is b(25)?
61
Let v(g) = -g**3 + 6*g**2 + 9*g + 8. What is v(7)?
22
Let s(t) = -3*t**2 - 24*t + 1. G